{"id":231,"date":"2020-07-29T17:28:54","date_gmt":"2020-07-29T17:28:54","guid":{"rendered":"http:\/\/supervisao2020.web.ua.pt\/?page_id=231"},"modified":"2020-11-06T10:50:50","modified_gmt":"2020-11-06T10:50:50","slug":"submissoes","status":"publish","type":"page","link":"http:\/\/supervisao2020.web.ua.pt\/?page_id=231","title":{"rendered":"Submiss\u00f5es"},"content":{"rendered":"\n<h6 class=\"wp-block-heading\">A Revista <a rel=\"noreferrer noopener\" href=\"https:\/\/proa.ua.pt\/index.php\/id\/\" target=\"_blank\">Indagatio Didactica<\/a>\u00a0publicar\u00e1 uma sele\u00e7\u00e3o de textos com origem nas interven\u00e7\u00f5es do Encontro Supervis\u00e3o 2020.<br><\/h6>\n\n\n\n<h3 class=\"has-accent-color has-text-color wp-block-heading\">Eixos tem\u00e1ticos:<\/h3>\n\n\n\n<p>1. Supervis\u00e3o: campos e possibilidades<\/p>\n\n\n\n<p>2. Forma\u00e7\u00e3o de formadores: abordagens e percursos<\/p>\n\n\n\n<p>3. Avalia\u00e7\u00e3o e desempenho docente<\/p>\n\n\n\n<h3 class=\"has-accent-color has-text-color wp-block-heading\">Orienta\u00e7\u00f5es aos autores para submiss\u00e3o dos Resumos:<\/h3>\n\n\n\n<ol type=\"1\"><li>Todas as propostas de Resumo devem ser&nbsp;submetidas&nbsp;<em>online&nbsp;<\/em>na plataforma <em>Easychair<\/em> do evento: <a rel=\"noreferrer noopener\" href=\"https:\/\/easychair.org\/conferences\/?conf=supervisao2020\" target=\"_blank\">https:\/\/easychair.org\/conferences\/?conf=supervisao2020<\/a>;<\/li><li>Os Resumos podem ter at\u00e9 600 palavras (excluindo-se refer\u00eancias e agradecimentos) e podem ser escritos em L\u00edngua Portuguesa ou outra (L\u00edngua Espanhola, Francesa e Inglesa).<\/li><li>Todas as propostas de Resumo devem ser submetidas de acordo com o Template (<strong><a rel=\"noreferrer noopener\" href=\"http:\/\/supervisao2020.web.ua.pt\/wp-content\/uploads\/2020\/09\/Supervisao2020-Template-Resumo_CEGO.docx\" target=\"_blank\">word<\/a><\/strong>);<\/li><li>No texto do Resumo para avalia\u00e7\u00e3o pela Comiss\u00e3o Cient\u00edfica&nbsp;<strong>n\u00e3o dever\u00e3o ser inclu\u00eddas informa\u00e7\u00f5es que possibilitem a identifica\u00e7\u00e3o dos autores<\/strong>&nbsp;(<em>double blind-review<\/em>). Assim,&nbsp;nomes, afilia\u00e7\u00f5es e refer\u00eancias bibliogr\u00e1ficas dos autores&nbsp;n\u00e3o dever\u00e3o aparecer na vers\u00e3o inicial. Essas informa\u00e7\u00f5es dever\u00e3o ser inclu\u00eddas somente na vers\u00e3o final do Resumo;<\/li><li>As propostas de apresenta\u00e7\u00e3o ser\u00e3o objeto de an\u00e1lise pela Comiss\u00e3o Cient\u00edfica;<\/li><li>Ap\u00f3s terminado o processo de revis\u00e3o, o autor ser\u00e1 informado acerca da aceita\u00e7\u00e3o ou rejei\u00e7\u00e3o do trabalho submetido. Em ambas as situa\u00e7\u00f5es, os coment\u00e1rios dos avaliadores ser\u00e3o disponibilizados para consulta;<\/li><li>Em caso de aceita\u00e7\u00e3o, os autores dever\u00e3o atender \u00e0s recomenda\u00e7\u00f5es de melhoria feitas pela Comiss\u00e3o Cient\u00edfica do Congresso e submeter a vers\u00e3o final do Resumo para publica\u00e7\u00e3o no Livro de Resumos do evento na plataforma <em>Easychair<\/em> do evento (<a rel=\"noreferrer noopener\" href=\"https:\/\/easychair.org\/conferences\/directory?a=25085851\" target=\"_blank\">https:\/\/easychair.org\/conferences\/?conf=supervisao2020<\/a>) at\u00e9 ao limite da data definida;<\/li><li>Em caso de n\u00e3o considera\u00e7\u00e3o das recomenda\u00e7\u00f5es feitas pelos avaliadores, a Comiss\u00e3o Organizadora reserva-se o direito de n\u00e3o integrar o trabalho no Livro de Resumos do Congresso.<\/li><\/ol>\n\n\n\n<h3 class=\"has-accent-color has-text-color wp-block-heading\">Datas importantes:<\/h3>\n\n\n\n<ul><li>Inscri\u00e7\u00e3o e Submiss\u00e3o de Resumos at\u00e9 <strong><s>15 de setembro<\/s> 30 de setembro de 2020<\/strong> na <a rel=\"noreferrer noopener\" href=\"https:\/\/easychair.org\/conferences\/?conf=supervisao2020\" target=\"_blank\">plataforma easychair do evento<\/a>.<\/li><li>Avalia\u00e7\u00e3o pela Comiss\u00e3o Cient\u00edfica at\u00e9 <strong><s>05 de outubro<\/s> 11 de outubro de 2020<\/strong>.<\/li><li>Comunica\u00e7\u00e3o aos autores at\u00e9 <strong><s>10 de outubro<\/s> 17 de outubro de 2020<\/strong>.<\/li><li>Submiss\u00e3o Resumo final at\u00e9 <strong><s>17 de outubro<\/s> 25 de outubro de 2020<\/strong> na <a rel=\"noreferrer noopener\" href=\"https:\/\/easychair.org\/conferences\/?conf=supervisao2020\" target=\"_blank\">plataforma easychair do evento<\/a>.<\/li><li>Envio de quest\u00f5es aos palestrantes at\u00e9 <strong>23 de outubro de 2020<\/strong>.<\/li><\/ul>\n","protected":false},"excerpt":{"rendered":"<p>A Revista Indagatio Didactica\u00a0publicar\u00e1 uma sele\u00e7\u00e3o de textos com origem nas interven\u00e7\u00f5es do Encontro Supervis\u00e3o 2020. Eixos tem\u00e1ticos: 1. Supervis\u00e3o: campos e possibilidades 2. Forma\u00e7\u00e3o de formadores: abordagens e percursos 3. Avalia\u00e7\u00e3o e desempenho docente Orienta\u00e7\u00f5es aos autores para submiss\u00e3o dos Resumos: Todas as propostas de Resumo devem ser&nbsp;submetidas&nbsp;online&nbsp;na plataforma Easychair do evento: https:\/\/easychair.org\/conferences\/?conf=supervisao2020; Os [&hellip;]<\/p>\n","protected":false},"author":3,"featured_media":0,"parent":0,"menu_order":4,"comment_status":"closed","ping_status":"closed","template":"","meta":{"footnotes":""},"_links":{"self":[{"href":"http:\/\/supervisao2020.web.ua.pt\/index.php?rest_route=\/wp\/v2\/pages\/231"}],"collection":[{"href":"http:\/\/supervisao2020.web.ua.pt\/index.php?rest_route=\/wp\/v2\/pages"}],"about":[{"href":"http:\/\/supervisao2020.web.ua.pt\/index.php?rest_route=\/wp\/v2\/types\/page"}],"author":[{"embeddable":true,"href":"http:\/\/supervisao2020.web.ua.pt\/index.php?rest_route=\/wp\/v2\/users\/3"}],"replies":[{"embeddable":true,"href":"http:\/\/supervisao2020.web.ua.pt\/index.php?rest_route=%2Fwp%2Fv2%2Fcomments&post=231"}],"version-history":[{"count":10,"href":"http:\/\/supervisao2020.web.ua.pt\/index.php?rest_route=\/wp\/v2\/pages\/231\/revisions"}],"predecessor-version":[{"id":529,"href":"http:\/\/supervisao2020.web.ua.pt\/index.php?rest_route=\/wp\/v2\/pages\/231\/revisions\/529"}],"wp:attachment":[{"href":"http:\/\/supervisao2020.web.ua.pt\/index.php?rest_route=%2Fwp%2Fv2%2Fmedia&parent=231"}],"curies":[{"name":"wp","href":"https:\/\/api.w.org\/{rel}","templated":true}]}}